-9. Let q be (-2 - -4 - 24)*4. Let h = y + q. Does 19 divide h?
False
Suppose 213 - 222 = -3*x. Suppose x*u - 179 = 325. Is 61 a factor of u?
False
Let r be (12/14)/((-4)/(-672)). Suppose 17*x - 18*x = -r. Is x a multiple of 8?
True
Let a(s) = 23 + 132 + 135 + 60*s - 15*s. Is a(11) a multiple of 59?
False
Let u be (-4 - (-6 - -4)) + 14. Suppose o - 49 = -2*o - 4*x, 3*x = u. Suppose -o*l = -6*l - 255. Is 23 a factor of l?
False
Suppose -10768 = -5*k - 13*y, -y - 46 + 8651 = 4*k. Does 9 divide k?
True
Suppose b + 1237 = 4*a, 3*a = b + 195 + 734. Let q = a - 193. Let i = q - 99. Is i a multiple of 4?
True
Let m = -118 - -175. Suppose m = k - 28. Suppose 6*x = k + 227. Does 9 divide x?
False
Let o(i) = i**3 + 8*i**2 - 19*i + 1. Let n be o(-10). Let b = n - -19. Suppose -354 = -16*m + b*m. Is m a multiple of 25?
False
Let l = -49 - -56. Suppose l = -4*p + 5*p. Suppose p - 2 = t. Is t a multiple of 4?
False
Suppose 3*m - 1677 = -3*w, 15*w - 20*w = -3*m + 1637. Suppose 2*l - m = -250. Is 20 a factor of l?
False
Suppose 4*r - 3611 = -u, 5*r - 3640 = -3*u + 7221. Does 117 divide u?
True
Let v(a) = 4*a**2 + a + 38 - 24 - 12*a**2 - 2*a**3. Does 20 divide v(-6)?
False
Let i = 40 + -37. Suppose -i - 5 = -4*z. Suppose -5*m + 71 = 4*p, -4*p = 3*m - z*p - 43. Does 9 divide m?
False
Suppose -3*n = 2*h - 47799, 47811 = 3*n - 5*h + 9*h. Is 41 a factor of n?
False
Suppose 2*l = 2*m - 146, 5*l + m + 2*m + 365 = 0. Let f = -72 - l. Is (f/2)/(1/56) a multiple of 6?
False
Let w(l) = 149*l + 2740. Is 49 a factor of w(51)?
True
Suppose 0 = 3*d - 3*n - 4257, 380*d + n = 379*d + 1415. Does 13 divide d?
True
Let s be ((-2)/4)/(1/(-6)). Suppose 2*m = -7*w + s*w + 20, 0 = 4*w - 2*m - 20. Suppose 0 = 5*z + b - 1055, 3*z - w*z + 415 = -b. Is z a multiple of 15?
True
Let r = -47 - -29. Is 7 a factor of -48*(5 - (-132)/r)?
True
Is 133 a factor of 200322/7 - -3*192/1008?
False
Let u = -18653 - -18745. Is u a multiple of 92?
True
Let h(v) = 6*v**3 + 88*v**2 + 10*v + 3. Is h(-8) a multiple of 13?
True
Suppose 20 + 5 = 5*l - 5*r, 0 = -4*l + 2*r + 28. Suppose -40 = -l*q + 167. Is q even?
False
Let r(p) = -2*p - 11. Let l(o) = o + 10. Let x be l(-16). Let f be r(x). Is 7 a factor of f + (2 + 1 - -24)?
True
Let h(a) be the second derivative of 22*a**3/3 + 2*a**2 - 12*a + 3. Is h(3) a multiple of 34?
True
Does 53 divide (10531 + 46)*(-12)/(-7)?
False
Suppose -6*p = 626 - 638. Suppose -2*w = -0*w + p*x - 110, -x - 305 = -5*w. Is 12 a factor of w?
True
Let a = 22879 - 9432. Is a a multiple of 29?
False
Suppose -41175 = -34*p - 41*p. Is p even?
False
Let s(o) = -9*o**2 + 160*o - 41. Is s(12) a multiple of 21?
False
Suppose 2*u = -3*u. Suppose -x = j - 5*x - 64, u = -3*x. Let b = 59 + j. Is 41 a factor of b?
True
Let m be -11*(-3 - -2) + -2. Let s be (-11)/(-33)*1*m. Suppose 0 = -s*i - i + 5*b + 98, -3*b - 50 = -2*i. Is i a multiple of 11?
True
Let p be -119 + (-12)/(-18) + (-1)/(-3). Let u = p + 80. Is 13 a factor of -2 + (-7)/(-3) - u/3?
True
Let c(q) = -16*q - 16. Let k be c(-1). Suppose k*f = -6*f + 2628. Is f a multiple of 34?
False
Is 32 a factor of 10 - (21 - 21) - -25694?
False
Let r(n) = 68*n + 28*n - 7*n - 11*n - 8. Does 8 divide r(8)?
True
Let h(m) = -5*m**2 - 537*m + 132. Is h(-59) a multiple of 22?
True
Let t(p) = -p**2 + 21*p + 25. Let y be t(22). Let k be (1 - (-491)/y) + (-12)/18. Suppose -2*c + 138 + 198 = -2*w, 0 = c + 3*w - k. Is c a multiple of 21?
False
Let i = 8143 + -2519. Is 76 a factor of i?
True
Is 6/1 - -1152 - 3/1 a multiple of 20?
False
Let n(j) = 26*j**2 + 3*j + 2. Suppose -2*q + 6 = -5*k, -5*q - 6 = 4*k - 6*k. Does 23 divide n(k)?
False
Let f(a) be the first derivative of -15 + 1/3*a**3 + 18*a + a**2. Is 11 a factor of f(-5)?
True
Suppose -341*w + 365*w - 156432 = 0. Is 53 a factor of w?
False
Suppose -115628 - 105782 = -35*r. Is 201 a factor of r?
False
Let o = -160 + 259. Suppose -o*k + 8610 = -89*k. Is 20 a factor of k?
False
Let x be (1/2)/(2*(-3)/(-84)). Suppose -x*b = -2417 + 625. Is b a multiple of 6?
False
Let h be ((-20)/(-50))/((-2)/(-20)). Suppose h*v = 870 + 1002. Is v a multiple of 26?
True
Let f(a) = 7*a + 11. Let p be f(-1). Suppose -574 + 135 = -5*k + 4*w, -5*k - p*w = -431. Does 29 divide k?
True
Let j = 69505 - 23566. Does 7 divide j?
False
Let j(y) = -2*y**2 - 20 + 14*y - y + 15. Let g be j(5). Is 2 a factor of g/(-25) + (-82)/(-5)?
True
Let j be (-1 - (-8)/6) + (-56)/(-12). Suppose -130 = 4*r - j*r. Is 13 a factor of 2/13 - (-11030)/r?
False
Let v(d) = d**3 - 5*d**2 + d - 2. Let x be v(5). Let z(m) = 0 - 4*m**2 + 4*m**x + 89*m - 84*m + 3. Is 43 a factor of z(4)?
True
Let b(i) = -i**3 + 49*i**2 + 44*i - 253. Is b(39) a multiple of 19?
False
Suppose 31*x = -4*b + 27*x + 23152, 0 = 3*b - x - 17356. Does 3 divide b?
False
Let b(a) = a**3 - a**2 - 14*a + 1. Let o(d) = d**2 - 1. Let p(i) = b(i) - 4*o(i). Let g be p(7). Suppose 0 = g*n - 126 + 41. Is 7 a factor of n?
False
Let k(o) = -84*o + 59. Let v be k(-24). Suppose -24*f + 3397 + v = 0. Does 57 divide f?
True
Let i be 15*(-7)/21 - -5. Let x(o) = 2*o**2 + 2*o + 779. Does 38 divide x(i)?
False
Let g(l) = -348*l + 12. Let r = -244 - -243. Is 15 a factor of g(r)?
True
Let n(k) = -220*k + 216. Is 46 a factor of n(-3)?
False
Suppose 0*o + 5*o - 222 = h, 4*o + 4*h - 192 = 0. Suppose 0 = 4*z + 5*t - 372, z - o - 31 = 3*t. Let d = z - 81. Is 7 a factor of d?
True
Let k(p) = -p**2 - 23*p - 35. Is k(-13) a multiple of 2?
False
Suppose -25*x - 130 = 920. Let a = x + 70. Does 2 divide a?
True
Suppose -184*m + 168*m + 5696 = 0. Let z = -261 + m. Is z a multiple of 10?
False
Suppose m - j - 2 = -2*m, -5*m - 2*j - 4 = 0. Suppose -4*b + 2*v - 62 = 0, 0 = 2*b - m*v + 5*v + 37. Let d = 74 + b. Is d a multiple of 12?
False
Let x = -19452 + 31118. Does 19 divide x?
True
Let u = -51 + 2678. Does 24 divide u?
False
Let j be 1/1 - 298/(-2). Suppose 8*a - 2*a = j. Suppose -9*x + 10*x - a = 0. Is x a multiple of 25?
True
Suppose -5*f - 5*u - 5 = 0, 11 - 10 = -3*f - u. Suppose f = -8*p + 125 + 3. Is p a multiple of 4?
True
Suppose -103 = -d + 146. Suppose -9*b = -4*b + 4*j - 640, 0 = 2*b + 3*j - d. Does 11 divide b?
True
Suppose -6*p + 51102 - 11220 = 0. Is p a multiple of 23?
True
Suppose 7*u - 19*u = -15360. Is 40 a factor of u?
True
Let d(g) = 15*g - 49. Suppose -3*y = 4*u + 4 - 23, -27 = -4*y - 5*u. Is 15 a factor of d(y)?
False
Let j(l) = l**2 + 34*l + 192. Is 24 a factor of j(-30)?
True
Suppose -5*h - 2905 = -3*x, -4*x - h = -112 - 3723. Is x a multiple of 12?
True
Suppose 0 = -3*w, 7317 = r - 2*w + w. Suppose 25*u - r = -2*u. Is 8 a factor of u?
False
Let n be -121*(-7)/((-7)/(-3)). Let w = n + 584. Is w a multiple of 10?
False
Let h = 2530 + 3456. Is 146 a factor of h?
True
Let s be -1*0*(-2)/(-6). Suppose 7*g + 107 + 761 = s. Let l = -59 - g. Is 13 a factor of l?
True
Suppose -5*m + 96 = -2*m. Suppose m*g + 618 = 38*g. Is 6 a factor of g?
False
Suppose 9360 = 11*q - 5*q. Suppose -53*h + 56*h = q. Is h a multiple of 47?
False
Let f = 97 + -91. Let t(d) = d**3 - 4*d**2 - d + 6. Let w be t(f). Suppose 9*v = 6*v + w. Does 24 divide v?
True
Suppose -2*t + 153 = 3*n, -4*n - 93 = 2*t - 3*t. Suppose -t*p = -79*p - 12. Suppose z + a - 51 = 0, -p*a + 59 = z - a. Is 8 a factor of z?
False
Suppose 7*q - 3*q = -7*q. Suppose q = 3*z - 123 + 111, -750 = -3*w - 3*z. Is w a multiple of 14?
False
Let t(r) = -r**3 + 5*r**2 + 10*r - 21. Let i be t(6). Is (0 + (7 - i))*46 a multiple of 43?
False
Let q = -409 - -338. Is 1006/4 - q/142 a multiple of 24?
False
Suppose -101*w + 111*w - 1980 = 0. Is w a multiple of 18?
True
Suppose u = -5*i - 813, -2*u = 5*i - 0*u + 816. Is 10 a factor of ((-2288)/88)/(i/158 - -1)?
False
Suppose -2*s + 69 = 69. Suppose s = -36*j + 2677 + 2039. Is 27 a factor of j?
False
Let d = -1854 + 8529. Is d a multiple of 87?
False
Let t = -179 + 479. Let m = 16 + -13. Suppose -m*c = 2*c - t. Is 15 a factor of c?
True
Suppose 16*o = 15*o + 7. Suppose -o*l = -12*l + 1170. Is 13 a factor of l?
True
Let x be (-6 + 2 - -10) + 318. Let y = x + -167. Is y a multiple of 20?
False
Let j be 234/46 - (-18)/(-207). Suppose -207 + 1922 = j*m. Is m a multiple of 14?
False
Does 26 divide (12 + (-210)/20)/((-2938)/1472 + 2)?
False
Is 187 a factor of 1870/(-33)*2112/(-40)?
True
Let v(b) = 3*b**2 - 8*b + 3. Let m(o) = -3*o -